
2, 1999
What are the prime factors of ((-137)/2)/((12 + -5)/(-14))?
137
Suppose 8*m = -9*m + 25381. List the prime factors of m.
1493
Suppose 1349 - 16859 = -10*o. What are the prime factors of o?
3, 11, 47
Let h = -854 - -1987. What are the prime factors of h?
11, 103
Suppose 5*d = 5*o - 265, 0*d - 160 = 3*d - 4*o. Let m be (-50)/(-13) - 8/d. Let p = m + 2. What are the prime factors of p?
2, 3
Let p = -260 + 148. Let s = -59 - p. Suppose -2*v + s - 21 = 0. List the prime factors of v.
2
Let f = -6 + 20. Let b = f - 12. List the prime factors of ((-1)/b)/((-2)/12).
3
Let d(c) = -c**3 + 26*c**2 - c + 43. List the prime factors of d(22).
19, 103
Suppose -10*n + 8*n = -4*h + 19470, 0 = -2*h + 3*n + 9745. List the prime factors of h.
5, 7, 139
Suppose 3*u + 6 = 3. Let o = u + -7. What are the prime factors of (46/o)/((-8)/32)?
23
Let s = -1146 + 1922. List the prime factors of s.
2, 97
Suppose -30*j + 29*j + 692 = 0. List the prime factors of j.
2, 173
Let o be 3/(-3*4)*-12. Suppose -o*f = -7*f + 68. What are the prime factors of f?
17
Let n(x) = 12*x**2 + 5*x + 18. Let g be n(7). Suppose 18*a = 1555 + g. What are the prime factors of a?
2, 61
Suppose 4*b + 6*b = 9*b. What are the prime factors of (b - -1) + 3*23?
2, 5, 7
Let t(z) = 17*z**2 - z - 4*z**2 - 9*z + 7*z - 3 + 0*z. Suppose -25 = 5*k - u + 6*u, 11 = -4*k - u. What are the prime factors of t(k)?
5, 11
Let m(p) be the third derivative of -p**6/30 - p**5/60 + 10*p**2. Let d be m(-1). Suppose 0*z = d*z - 150. List the prime factors of z.
2, 5
Let t(d) = 23*d - 1. Let g be -3*(-1)/2*16/6. List the prime factors of t(g).
7, 13
Suppose n + 2 = 5. Suppose -n*g - 4*a + 25 = 7, -5 = 2*g - 3*a. Suppose 3*j = -g*j + 165. What are the prime factors of j?
3, 11
Let q(x) = 752*x**3 + x**2 - 5*x + 4. What are the prime factors of q(1)?
2, 47
Let j(c) = -c**3 - 2*c**2 - 8*c - 13. Let g be j(-7). Suppose 4*z = -0*z + g. List the prime factors of z.
2, 3
Let l be 476/12 - (-3)/9. Suppose -w - 53 = -r - 3*r, 5*r - l = -4*w. List the prime factors of r.
2, 3
Let c(x) = 7*x + 8. What are the prime factors of c(3)?
29
Let w(o) = -5*o**3 - 7*o**2 + 2. Let z(d) = 11*d**3 + 13*d**2 + d - 4. Let y(i) = 13*w(i) + 6*z(i). What are the prime factors of y(13)?
2, 5
Let q(g) = 76*g + 185. List the prime factors of q(30).
5, 17, 29
Suppose 2*o + 3*i - 3831 = -1374, -o - 3*i = -1230. What are the prime factors of o?
3, 409
Suppose 4 = -3*i - 8. Let y = -7 - i. List the prime factors of (2/y)/((-6)/27).
3
Suppose 4*q - 1200 = -4*o + 7*q, -4*o = 3*q - 1176. What are the prime factors of o?
3, 11
Let b = 667 + -1287. Let n be (-6 - 1/(-7)) + (-2)/14. List the prime factors of b/(-15) + 8/n.
2, 5
Let g(i) = -i**3 + 10*i**2 - 14*i - 4. Suppose -q - 4*q - 3*l = 65, 5 = l. Let o = 24 + q. List the prime factors of g(o).
2, 3
Let b be (-4)/(-10) - (-32)/(-5). Let o(j) = -4*j**2 - 15*j - 18. Let m(x) = -6*x**2 - 23*x - 27. Let a(h) = -5*m(h) + 7*o(h). List the prime factors of a(b).
3, 7
Let l(c) = 7*c**2 + 27*c - 151. List the prime factors of l(28).
3, 677
Suppose -24 = -3*b - 12. Let u(v) = 4*v**2 - 15*v + 6. What are the prime factors of u(b)?
2, 5
Let z(b) = 37*b - 66. List the prime factors of z(25).
859
Let n(z) = 26*z**2 + 26*z - 91. List the prime factors of n(4).
3, 11, 13
Suppose -1039 - 1484 = -3*f. What are the prime factors of f?
29
Suppose 0 = 2*t - 2*n - 166, -5*t - n = -5*n - 413. What are the prime factors of 12*9/(t/24)?
2
Suppose -2*o + 665 = s, o + 1559 = 3*s - 422. What are the prime factors of s?
661
Let l(c) = 110*c. Let f(y) = y. Let k(m) = -132*f(m) + l(m). Suppose -11*j + 4*j - 7 = 0. List the prime factors of k(j).
2, 11
Let x(a) = -a**2 - 15*a + 6. Let v be x(-14). Let p = 5 + v. What are the prime factors of p?
5
Let x = -1729 - -2894. List the prime factors of x.
5, 233
Suppose 2*r + 8 = 2*s, -4*r = s - 2*s + 7. Let a(t) = -t**3 - 10*t**2 - t - 20. Let v be a(-10). Let i = s - v. What are the prime factors of i?
13
Suppose 4*q - 5649 = -4*f + 3147, q = 2*f - 4386. List the prime factors of f.
5, 439
Let a = 138 + -328. Let f = -111 - a. What are the prime factors of f?
79
Suppose -134 = -4*d + 122. Suppose l - 21 = -4*w + 61, 0 = -l + 2*w + d. What are the prime factors of l?
2, 5, 7
Suppose -5*b - 4*o + 30 = 0, 2*b - 3*o = -0*o + 12. Suppose -b*n - 14 = 4. List the prime factors of (-107)/n - 14/21.
5, 7
Let j be ((-3)/2 - -2)*4. Suppose 10 + 6 = 4*x. Suppose -b - j*b - 2*o + x = 0, 0 = -5*b + o + 24. What are the prime factors of b?
2
Let u = -30 - -153. List the prime factors of u.
3, 41
Suppose -1248 = -3*q - 29*q. What are the prime factors of q?
3, 13
Let q(n) = -267*n - 441. What are the prime factors of q(-8)?
3, 5, 113
Suppose 3*i = 10*i - 5173. What are the prime factors of i?
739
Let k be 39/12 + 9/(-36). Suppose 59 = 2*c - c - k*a, -10 = 2*a. List the prime factors of c.
2, 11
What are the prime factors of ((-2)/3)/((-12)/14436)?
2, 401
Suppose -10 = -5*n + 2*l + 10, -2*n + 2*l + 14 = 0. Suppose -61 = -n*v - 4*m + 127, 5*v + 4*m = 482. What are the prime factors of v?
2, 7
Let i = -23 + 25. Suppose -i*k + 152 + 165 = 5*b, 3 = b. List the prime factors of k.
151
Let m(w) = 9*w**2 - 9. Let f be m(-4). Let v = f + 3. List the prime factors of (-1)/((21/v)/(-7)).
2, 23
Suppose -5*j = 4*q - 1304, q - 536 = -2*j + 3*q. List the prime factors of j.
2, 3, 11
Suppose 51 - 1822 = -d. List the prime factors of d.
7, 11, 23
What are the prime factors of 832 - (36/(-90))/(1/5)?
2, 3, 139
Let v(y) = y**2 - 1. Let m be v(-5). Let d = 4 + m. Let q = d - 13. What are the prime factors of q?
3, 5
Let m be (0/(-2))/(3 - 5). Suppose m = 4*u + 2*u - 24. Suppose 0*y - 5*w - 38 = -2*y, u*y = w + 40. List the prime factors of y.
3
Suppose 56*c - 4680 = 50*c. List the prime factors of c.
2, 3, 5, 13
Suppose -13*i + 20 = -8*i. Suppose -5*t + 86 = -i*t. List the prime factors of t.
2, 43
Let d(n) = 66*n**2 + 13*n + 19. What are the prime factors of d(-3)?
2, 7, 41
Suppose -234 = 37*s - 1159. What are the prime factors of s?
5
Let d = 193 - -23. List the prime factors of d.
2, 3
Let o be (4 + -1 - -135)/1. Suppose 7*y - 4*y - o = 0. List the prime factors of y.
2, 23
Let j(z) = 20 + 7*z + 40 + 25. List the prime factors of j(0).
5, 17
Let m(x) = -2*x**3 + 7*x**2 + 5*x - 12. Let q be m(-5). Let b = -215 + q. List the prime factors of b.
173
Let g be (16/(-10))/((-44)/110). Let i be 4/(-6) - 112/(-6). Suppose g*w = i + 46. What are the prime factors of w?
2
Let t(v) = 7*v - v**3 + 23*v**2 + 33*v**2 - 68*v**2 - 15. List the prime factors of t(-13).
3, 7
Let d be (-2 - 9/(-6))*56. Let i = d + 28. Suppose -5*a + 112 + 3 = i. List the prime factors of a.
23
List the prime factors of 1/(-6) - 4/24*-1735.
17
Let g(t) = -39*t + 23. Let o(x) = 20*x - 12. Let a(z) = -4*g(z) - 9*o(z). What are the prime factors of a(-7)?
2, 23
Suppose 4*z - 4*l = -0*z + 28, -5*z = -l - 23. Suppose -89 = -z*w - 249. Let h = -17 - w. What are the prime factors of h?
23
Suppose 5*h - 3*h - 392 = 0. Suppose i + 2*i - 204 = 3*k, -3*i + k + h = 0. List the prime factors of i.
2
Let v(n) = -n**3 - 9*n**2 + 12. Let q be v(-9). Suppose -p + 2*l + q = 4*l, 12 = 2*p + l. What are the prime factors of p?
2
Suppose -4*n + 16 = 2*o, 2*n - n + 4*o + 3 = 0. Suppose n*r + 16 = p - 76, 0 = -5*p - r + 434. What are the prime factors of p?
3, 29
Let z(h) = h**2 + 16*h - 13. Let p be z(-19). Suppose -6*g = -2*g - p. What are the prime factors of g?
11
Let h be 6/(2/4*3). Suppose 6 = h*v + 2. Let q = 1 + v. What are the prime factors of q?
2
What are the prime factors of 9 - 11223/27*-3?
2, 157
What are the prime factors of (1092 - -1) + -4*(-4)/(-4)?
3, 11
Let j = -1704 + 3901. List the prime factors of j.
13
Suppose -1555 - 12401 = -12*b. List the prime factors of b.
1163
What are the prime factors of 890 - (-54)/(-1 - -10)?
2, 7
Suppose t = -6*t + 1197. Let g = -27 + t. What are the prime factors of g?
2, 3
Let g = -22 - -10. List the prime factors of (g/(-10))/((-21)/(-3430)).
2, 7
Let r(z) = -191*z - 99. What are the prime factors of r(-8)?
1429
Let j(q) = 8*q**2 - 2*q + 14. List the prime factors of j(-17).
2, 5, 59
Let x(r) = r**2 - 13*r. Let c be x(12). Let y(t) = -4*t + 12. Let o be y(c). Let j = -41 + o. List the prime factors of j.
19
Suppose -5*u